i = -0*i + 4*t + 237. Let l = i + z. What is the remainder when l is divided by 24?
23
Suppose -33*u + 44*u - 2035 = 0. What is the remainder when u is divided by 47?
44
Suppose -28*c + 30*c = -550. What is the remainder when (c/(-44))/((-2)/(-8)) is divided by 9?
7
Suppose 0 = -2*q + 7*q - 10, -5*u - 4*q = 2312. Suppose -3*a = -27 + 3. What is the remainder when (2/a)/((-4)/u) is divided by 10?
9
Let s(w) = -7*w - 3. Suppose 4*t = -2*t - 624. Let v = -90 - t. Calculate the remainder when s(-6) is divided by v.
11
Let g(w) = -5*w + 17. Let l be g(3). What is the remainder when 50 is divided by 6/(-28)*l + (-80)/(-7)?
6
What is the remainder when -3 - (-25)/(200/1936) is divided by 27?
23
Let n = 273 + -256. What is the remainder when n is divided by 12/3 + 12/2?
7
Suppose 0*r - 3*r - 2*g = -14, -2*g + 22 = 5*r. Let m = -1961 + 1966. Calculate the remainder when m is divided by r.
1
Let u = 91 - 68. Suppose -5*a - 4*j + 93 = 0, -u = -a - 0*a - 3*j. Let s(y) = y**3 + 5*y**2 - 8*y - 6. Calculate the remainder when a is divided by s(-6).
5
Let s(m) = 3*m**2 - 18*m + 2. Let j be s(6). Let i(n) = 2*n**3 - 2*n**2 + 4*n - 3. Calculate the remainder when 35 is divided by i(j).
9
Let f(o) = -5*o - 2. Let u be f(-2). Let q be 3/2*u/3. Suppose 2*i - 2*b + b = 19, q*b - 44 = -2*i. What is the remainder when 23 is divided by i?
11
Let z = -1644 + 1714. Suppose 0 = -8*p + 3*p + 180. Calculate the remainder when z is divided by p.
34
Let n = 45 + -8. What is the remainder when 220 is divided by n?
35
Let l(w) = -2*w**2 + 24*w - 12. Let y be l(13). Let i = 58 + y. Calculate the remainder when 76 is divided by i.
16
Let w(y) = y**3 - 23*y**2 - 23*y - 5. Let i = 288 + -264. Suppose -2*d + 206 = 22. What is the remainder when d is divided by w(i)?
16
Let i = 383 + -169. What is the remainder when i is divided by 74?
66
Suppose 4*z - 3*w + w = 428, -4*z + 4*w + 424 = 0. Let a = 135 - z. What is the remainder when a is divided by 15?
12
Let w = 41 - 23. Suppose 3*t = -3*f, 4*t - 17 = 3*f + w. Suppose 0 = -4*k + 4*c + 328, -c + t*c - 225 = -3*k. Calculate the remainder when k is divided by 16.
15
Let z = 26 + -11. Let g = 28 + -52. What is the remainder when 29 is divided by (z/(-9) - -1)*g?
13
Let s = -30 + 79. Suppose 4*n + 5*i = 89, -i - 75 - 6 = -3*n. Calculate the remainder when s is divided by n.
23
Let w = -723 - -924. What is the remainder when w is divided by 68?
65
What is the remainder when (-7)/(42/(-9))*78 is divided by 14?
5
Let a(r) = 9*r + 118. What is the remainder when 21 is divided by a(-12)?
1
Let s(i) = 8*i**2 + i - 4. Suppose -2*w - 372 = -5*j, -17*w - 208 = -3*j - 12*w. Calculate the remainder when j is divided by s(-2).
24
What is the remainder when 340 is divided by 2/(-18)*4 - (-625)/9?
64
Let u(y) = y**2 + 17*y + 54. Let m be u(-15). Suppose -32*p + 56 = -m*p. Calculate the remainder when 30 is divided by p.
2
Let z = -146 - -176. Calculate the remainder when 145 is divided by z.
25
Let u(i) = 2*i**3 - 29*i**2 + 38*i - 11. What is the remainder when u(14) is divided by 83?
76
Let m(g) = 7*g**3 + 2*g**2 - 2*g - 1. Suppose 62 = 10*i - 148. Calculate the remainder when m(2) is divided by i.
17
Suppose -21 = -6*n + 5*n. Calculate the remainder when 8/28 + 855/n is divided by 21.
20
Suppose -1506 = -21*m - 477. Calculate the remainder when m is divided by 16.
1
Calculate the remainder when 2 - (0 + (-5 - 187)) is divided by 28.
26
Let p = -1079 + 1855. Suppose 0 = -5*q + p - 226. Calculate the remainder when q is divided by 38.
34
Suppose -3*x = -16 + 7. Suppose -5*d - 17 = -4*b, -47 = -4*b - 8*d + x*d. Let m = b + -2. What is the remainder when 29 is divided by m?
5
Suppose 5*p + 5*o + 115 = 2*o, -4*p = -2*o + 92. Let u = 23 + p. Suppose 2*s - 14 - 2 = u. Calculate the remainder when 21 is divided by s.
5
Suppose 4*y + 7 - 55 = 0. Let q(g) = 34*g**2 + g - 1. Let u(x) = -3*x + 4. Let i be u(1). Calculate the remainder when q(i) is divided by y.
10
Let w(i) = i**3 + 11*i**2 - 2*i - 14. Suppose 5*s = 4*n - 10, -16 = 8*s - 11*s - 2*n. What is the remainder when w(-11) is divided by s?
0
Let r(f) = 4*f**2 - 6 + 15*f + 2*f + 35 - 5*f**2. What is the remainder when r(17) is divided by 10?
9
Let g be 1/(-3 - (-55)/18). Suppose -j + 24 = 4*i + j, -3*i - 3*j = -g. Suppose 0 = -12*x + 8*x + 116. What is the remainder when x is divided by i?
5
Let x(j) = 2*j**3 + 0 + j**2 + 1 + 0 - j**3. Let n(p) = 7*p**3 + 16*p**2 + 10. Let l(k) = n(k) - 6*x(k). Calculate the remainder when 10 is divided by l(-10).
2
Let h = -3 + -13. Let y = 38 + h. What is the remainder when 56 is divided by 422/y + (-4)/22?
18
Let q be 4 - (0 + 3 + -3). Suppose q*r = j + 23, 0*j - 29 = -4*r + 3*j. What is the remainder when 13 is divided by r?
3
Suppose -3 = 3*l, 8*o = 6*o + l + 25. Calculate the remainder when 539 is divided by o.
11
What is the remainder when 204 is divided by 75/(-100) + (-462)/(-8)?
33
Let r(t) = 3*t**2 + 26*t - 103. What is the remainder when 164 is divided by r(-12)?
11
Suppose 233 = 21*j - 292. Calculate the remainder when 174 is divided by j.
24
Suppose 9*u - 13*u + 358 = i, 0 = 4*i + 2*u - 1488. What is the remainder when i is divided by 75?
74
Let r = 547 + -260. Suppose 0 = -3*b + 386 - 278. Calculate the remainder when r is divided by b.
35
Suppose -26*g + 3649 + 1525 = 0. Calculate the remainder when g is divided by 15.
4
Suppose -121*q + 126*q = 320. Calculate the remainder when q is divided by 17.
13
Calculate the remainder when (-6 + 25)/((9/15)/3) is divided by 12.
11
Let q = -26 + -14. Let f be (-1424)/q - (-6)/(-10). Let u = -20 + f. Calculate the remainder when 27 is divided by u.
12
Let y = -243 - -363. What is the remainder when 475 is divided by y?
115
Suppose 2*n = 5*r + 5, 4*r - 5*n + 2*n + 11 = 0. Let f(t) = 2*t - r + 9*t**2 - 8*t**2 + 0*t. Calculate the remainder when 27 is divided by f(3).
13
Let t(q) = q**2 + 12*q + 21. Let d be t(-10). Calculate the remainder when (d + 1 + -1)*26 is divided by 9.
8
Calculate the remainder when (-10 - -13)*(-3 - (-213)/9) is divided by 5.
2
Suppose -3*t + 5*m - 3*m + 12 = 0, -3*t + 3*m + 9 = 0. Suppose 164 + 196 = t*n. Calculate the remainder when n is divided by 9.
6
Suppose -5*c = 10, -9 = -y - 2*c - 4. What is the remainder when y is divided by (-2)/(-3) - (-20)/6?
1
Suppose 2*g + 4*y = 6, 3*g - 6*y - 42 = -y. What is the remainder when g is divided by 0/(-2) + 4 + 1 - 1?
1
Let x(n) = -2*n + 4. Let p be x(5). Let j(h) = h**3 + 3*h**2 - 11*h - 34. Let g be j(-5). Calculate the remainder when (p - (-1 - 3))*g is divided by 12.
10
Let i be (-1)/(-3) - 5/(-30)*712. Let l = 138 - i. What is the remainder when 73 is divided by l?
16
Let q(v) = v**3 + 8*v**2 + 9*v + 16. Let z be q(-7). Suppose -3*b = -b + 10, z*b - 10 = -4*g. Calculate the remainder when 15 is divided by g.
0
Let n = 8 - 3. Suppose 0 = n*r + 5*u - 345, 4*u = -r + u + 69. What is the remainder when r is divided by (5 - 4)/((-2)/(-36))?
15
Let n = 937 + -1681. What is the remainder when n/(-15) - (-4)/10 is divided by 18?
14
Suppose 0 = 4*d - 5*l - 40, 0 = 2*d - l - 4 - 16. Calculate the remainder when 7 is divided by ((-4)/6)/(d/(-75)).
2
Let o = 714 + -314. Suppose 5*p = -5*z + o, -5*p + 4*z + 418 = -0*z. Calculate the remainder when p is divided by 31.
20
Suppose 5*r = 16 + 9. Suppose -2 = -d - r. Calculate the remainder when (-7)/((-14)/24) + d is divided by 4.
1
Calculate the remainder when (-36)/48 - ((-1495)/(-4))/(-5) is divided by 9.
2
Suppose -t - 5 + 6 = 0. Let f(q) = -10*q - 1. Let z be f(t). Let o(w) = -w + 7. Calculate the remainder when 33 is divided by o(z).
15
Let i be (-10 + 7)/((-53)/50 + 1). What is the remainder when ((-16)/20)/((-4)/i) is divided by 3?
1
Let o = 1805 - 1788. Calculate the remainder when 1425 is divided by o.
14
Let j be (1 - 5) + (12/4 - -2). Suppose -j = u - 39. What is the remainder when u is divided by 13?
12
Calculate the remainder when 166 is divided by (-1251)/(-45) - (-1)/5.
26
Let l = 32 - 23. Suppose 0 = -l*v + 3*v + 216. Suppose -4*x + v = -0. Calculate the remainder when 35 is divided by x.
8
Calculate the remainder when ((-57)/(-6) - 12)*(-484)/5 is divided by 83.
76
Let w(a) = -2*a**2 - 17*a - 16. Let p be w(-12). Let s = 148 - 50. Calculate the remainder when s is divided by (30/8 + -4)*p